{"id":1124,"date":"2015-05-08T13:22:48","date_gmt":"2015-05-08T13:22:48","guid":{"rendered":"http:\/\/quanticalabs.com\/wptest\/carservice\/?page_id=4"},"modified":"2024-07-30T13:37:33","modified_gmt":"2024-07-30T11:37:33","slug":"home","status":"publish","type":"page","link":"https:\/\/autofficinacuzzilla.com\/","title":{"rendered":"HOME"},"content":{"rendered":"<section class=\"wpb-content-wrapper\"><p>[vc_row type=&#8221;full-width&#8221;][vc_column][rev_slider_vc alias=&#8221;main&#8221;][\/vc_column][\/vc_row][vc_row type=&#8221;full-width&#8221; css=&#8221;.vc_custom_1439892689981{background-color: #f5f5f5 !important;}&#8221;][vc_column]<div class=\"announcement clearfix\">\r\n\t\t\t\t\t<div class=\"vc_row wpb_row vc_row-fluid\">\r\n\t\t\t\t\t\t<div class=\"vc_col-sm-8 wpb_column vc_column_container\">\r\n\t\t\t\t\t\t\t<div class=\"vertical-align\">\r\n\t\t\t\t\t\t\t\t<div class=\"vertical-align-cell\">\r\n\t\t\t\t\t\t\t\t\t<h3>PRENOTA UN APPUNTAMENTO TRAMITE IL FORM ONLINE<\/h3>\r\n\t\t\t\t\t\t\t\t<\/div>\r\n\t\t\t\t\t\t\t<\/div>\r\n\t\t\t\t\t\t<\/div><div class=\"vc_col-sm-4 wpb_column vc_column_container\">\r\n\t\t\t\t\t\t<div class=\"vertical-align\">\r\n\t\t\t\t\t\t\t<div class=\"vertical-align-cell\">\r\n\t\t\t\t\t\t\t\t<a title=\"PRENOTA UN APPUNTAMENTO\" href=\"https:\/\/autofficinacuzzilla.com\/index.php\/appointment\/\" class=\"more\"><span>PRENOTA UN APPUNTAMENTO<\/span><\/a>\r\n\t\t\t\t\t\t\t<\/div>\r\n\t\t\t\t\t\t<\/div>\r\n\t\t\t\t\t<\/div><\/div>\r\n\t\t\t<\/div>[\/vc_column][\/vc_row][vc_row top_margin=&#8221;page-margin-top-section&#8221;][vc_column][vc_single_image image=&#8221;1701&#8243; img_size=&#8221;310&#215;163&#8243; alignment=&#8221;center&#8221; onclick=&#8221;custom_link&#8221; img_link_target=&#8221;_blank&#8221; css_animation=&#8221;zoomIn&#8221; link=&#8221;https:\/\/www.volkswagen.it\/app\/dccsearch\/vw-it\/it\/Pagina%20dei%20Dettagli\/Bianco%2C%20RC\/38.086803\/16.147892\/10\/GIULIO%20CUZZILLA\/01710\/+\/+?campaign=VWBrandNazSEA-%5BB%5DPureBrand-HAGAKUREGOOGLE&amp;adchan=seah&amp;publisher=GOOGLE&amp;adplt=pseac&amp;cpid=71700000097372174&amp;format=e&amp;adpay=pd&amp;adgroup=Brand-Term&amp;adcr=volkswagen&amp;adlid=17662353964&amp;country=IT&amp;publisher_code=GD&amp;campaign_type_code=PS&amp;gclsrc=aw.ds&amp;gclid=CjwKCAjwxaanBhBQEiwA84TVXJ7dG_XKg4GKt_E94zrCqH7ktFyXNAFNZQxbvQ7PrYsWBceChFKxhRoCD0gQAvD_BwE&#8221;]<h2 class=\" box-header\">PERCH\u00c9 SCEGLIERE NOI?<\/h2>[vc_column_text el_class=&#8221;description align-center&#8221;]Tutti i servizi offerti sono eseguiti da meccanici altamente qualificati e sempre aggiornati sulle ultime tecnologie.[\/vc_column_text][vc_row_inner top_margin=&#8221;page-margin-top&#8221;][vc_column_inner width=&#8221;1\/3&#8243;]<div class=\"feature-item feature-item-big\"><div class=\"hexagon\"><div class=\"sl-small-user-chat\"><\/div><\/div><h4 class=\"box-header\">QUALIT\u00c0 PER LA VOSTRA AUTO<\/h4><p>Investiamo costantemente nelle ultime tecnologie per permettere di accogliere la vostra auto, di diagnosticare ed intervenire rapidamente alla risoluzione del problema.<\/p><\/div>[\/vc_column_inner][vc_column_inner width=&#8221;1\/3&#8243;]<div class=\"feature-item feature-item-big\"><div class=\"hexagon\"><div class=\"sl-small-wrench-screwdriver\"><\/div><\/div><h4 class=\"box-header\">MASSIMA ATTENZIONE AL CLIENTE<\/h4><p>Sappiamo quanto tenete alla vostra auto e per questo desideriamo che siate\u00a0sempre soddisfatti dei servizi prestati.<\/p><\/div>[\/vc_column_inner][vc_column_inner width=&#8221;1\/3&#8243;]<div class=\"feature-item feature-item-big\"><div class=\"hexagon\"><div class=\"sl-small-truck-tow\"><\/div><\/div><h4 class=\"box-header\">ELEVATI STANDARD PROFESSIONALI<\/h4><p>L\u2019obiettivo \u00e8 rendere soddisfatto e fedele il nostro Cliente. Per questo diamo molta attenzione alla qualit\u00e0 dei ricambi utilizzati, ai prezzi e alla rapidit\u00e0 di consegna vettura.<\/p><\/div>[\/vc_column_inner][\/vc_row_inner][\/vc_column][vc_column][\/vc_column][vc_column][\/vc_column][\/vc_row][vc_row el_class=&#8221;align-center margin-top-67 padding-bottom-20&#8243;][vc_column]<a class=\"more\" href=\"https:\/\/www.volkswagen.it\/\" target=\"_blank\" title=\"VISITA IL SITO UFFICIALE DI VOLKSWAGEN\"><span>VISITA IL SITO UFFICIALE DI VOLKSWAGEN<\/span><\/a>[\/vc_column][\/vc_row][vc_row type=&#8221;full-width&#8221; top_margin=&#8221;page-margin-top-section&#8221; el_class=&#8221;flex-box&#8221; css=&#8221;.vc_custom_1441196365110{background-color: #f5f5f5 !important;}&#8221;][vc_column width=&#8221;1\/2&#8243; css=&#8221;.vc_custom_1441196358309{background-image: url(http:\/\/quanticalabs.com\/wptest\/carservice\/files\/2015\/05\/image_01.jpg?id=917) !important;}&#8221;][vc_single_image image=&#8221;917&#8243; img_size=&#8221;large-thumb&#8221; el_class=&#8221;flex-hide&#8221;][\/vc_column][vc_column width=&#8221;1\/2&#8243; el_class=&#8221;padding-left-right-100 padding-bottom-66&#8243;]<h2 class=\" box-header page-margin-top-section\">VEICOLI ASSISTITI<\/h2>[vc_column_text el_class=&#8221;description align-center&#8221;]Forniamo un servizio di manutenzione per tutti i tipi di veicoli. Siamo certificati per la manutenzione e la riparazione delle seguenti marche:[\/vc_column_text][vc_row_inner css=&#8221;.vc_custom_1439977887316{margin-top: 30px !important;}&#8221;][vc_column_inner width=&#8221;1\/3&#8243;]<ul class=\"list\"><\/p>\n<ul class=\"list\">\n<li class=\"template-bullet \">Audi<\/li>\n<li class=\"template-bullet \">Volkswagen<\/li>\n<\/ul>\n<p><\/ul>[\/vc_column_inner][vc_column_inner width=&#8221;1\/3&#8243;]<ul class=\"list\"><\/p>\n<ul class=\"list\">\n<li class=\"template-bullet \">Cupra<\/li>\n<li class=\"template-bullet \">Seat<\/li>\n<\/ul>\n<p><\/ul>[\/vc_column_inner][vc_column_inner width=&#8221;1\/3&#8243;]<ul class=\"list\"><\/p>\n<ul class=\"list\">\n<li class=\"template-bullet \">Skoda<\/li>\n<li class=\"template-bullet \">Veicoli Commerciali<\/li>\n<\/ul>\n<p><\/ul>[\/vc_column_inner][\/vc_row_inner][vc_row_inner el_class=&#8221;align-center margin-top-67 padding-bottom-20&#8243;][vc_column_inner][\/vc_column_inner][\/vc_row_inner][\/vc_column][\/vc_row][vc_row type=&#8221;full-width&#8221; top_margin=&#8221;page-margin-top-section&#8221; el_class=&#8221;padding-bottom-50 top-border&#8221;][vc_column][vc_row_inner][vc_column_inner]<div class=\"our-clients-list-container page-margin-top type-carousel\">\r\n\t\t\t\t\t<ul class=\"our-clients-list autoplay-0 type-carousel\"><li><img loading=\"lazy\" decoding=\"async\" width=\"105\" height=\"90\" src=\"https:\/\/autofficinacuzzilla.com\/wp-content\/uploads\/2023\/08\/Logo-Volkswagenok-e1622732765389-90x90-1.png\" class=\"attachment-full size-full\" alt=\"\" \/><\/li><li><img loading=\"lazy\" decoding=\"async\" width=\"120\" height=\"110\" src=\"https:\/\/autofficinacuzzilla.com\/wp-content\/uploads\/2023\/08\/Logo-Audi-e1622732611725-120x110-1.png\" class=\"attachment-full size-full\" alt=\"\" \/><\/li><li><img loading=\"lazy\" decoding=\"async\" width=\"150\" height=\"140\" src=\"https:\/\/autofficinacuzzilla.com\/wp-content\/uploads\/2023\/08\/cupra-e1622709768654-150x140-1.png\" class=\"attachment-full size-full\" alt=\"\" \/><\/li><li><img loading=\"lazy\" decoding=\"async\" width=\"130\" height=\"110\" src=\"https:\/\/autofficinacuzzilla.com\/wp-content\/uploads\/2023\/08\/seat_w_1x-1-130x110-1.jpg\" class=\"attachment-full size-full\" alt=\"\" \/><\/li><li><img loading=\"lazy\" decoding=\"async\" width=\"105\" height=\"90\" src=\"https:\/\/autofficinacuzzilla.com\/wp-content\/uploads\/2023\/08\/skoda4-105x90-1.png\" class=\"attachment-full size-full\" alt=\"\" \/><\/li><li><img loading=\"lazy\" decoding=\"async\" width=\"124\" height=\"90\" src=\"https:\/\/autofficinacuzzilla.com\/wp-content\/uploads\/2023\/08\/Logo-Volkswagenokvi-e1622732765389-90x90-1.png\" class=\"attachment-full size-full\" alt=\"\" \/><\/li><\/ul><div class=\"cs-carousel-pagination\"><\/div><\/div>[\/vc_column_inner][\/vc_row_inner][\/vc_column][\/vc_row]<\/p>\n<\/section>","protected":false},"excerpt":{"rendered":"<p>[vc_row type=&#8221;full-width&#8221;][vc_column][rev_slider_vc alias=&#8221;main&#8221;][\/vc_column][\/vc_row][vc_row type=&#8221;full-width&#8221; css=&#8221;.vc_custom_1439892689981{background-color: #f5f5f5 !important;}&#8221;][vc_column][\/vc_column][\/vc_row][vc_row top_margin=&#8221;page-margin-top-section&#8221;][vc_column][vc_single_image image=&#8221;1701&#8243; img_size=&#8221;310&#215;163&#8243; alignment=&#8221;center&#8221; onclick=&#8221;custom_link&#8221; img_link_target=&#8221;_blank&#8221; css_animation=&#8221;zoomIn&#8221; link=&#8221;https:\/\/www.volkswagen.it\/app\/dccsearch\/vw-it\/it\/Pagina%20dei%20Dettagli\/Bianco%2C%20RC\/38.086803\/16.147892\/10\/GIULIO%20CUZZILLA\/01710\/+\/+?campaign=VWBrandNazSEA-%5BB%5DPureBrand-HAGAKUREGOOGLE&amp;adchan=seah&amp;publisher=GOOGLE&amp;adplt=pseac&amp;cpid=71700000097372174&amp;format=e&amp;adpay=pd&amp;adgroup=Brand-Term&amp;adcr=volkswagen&amp;adlid=17662353964&amp;country=IT&amp;publisher_code=GD&amp;campaign_type_code=PS&amp;gclsrc=aw.ds&amp;gclid=CjwKCAjwxaanBhBQEiwA84TVXJ7dG_XKg4GKt_E94zrCqH7ktFyXNAFNZQxbvQ7PrYsWBceChFKxhRoCD0gQAvD_BwE&#8221;][vc_column_text el_class=&#8221;description align-center&#8221;]Tutti i servizi offerti sono eseguiti da meccanici altamente qualificati e sempre aggiornati sulle ultime tecnologie.[\/vc_column_text][vc_row_inner top_margin=&#8221;page-margin-top&#8221;][vc_column_inner width=&#8221;1\/3&#8243;][\/vc_column_inner][vc_column_inner width=&#8221;1\/3&#8243;][\/vc_column_inner][vc_column_inner width=&#8221;1\/3&#8243;][\/vc_column_inner][\/vc_row_inner][\/vc_column][vc_column][\/vc_column][vc_column][\/vc_column][\/vc_row][vc_row el_class=&#8221;align-center margin-top-67 padding-bottom-20&#8243;][vc_column][\/vc_column][\/vc_row][vc_row type=&#8221;full-width&#8221; top_margin=&#8221;page-margin-top-section&#8221; el_class=&#8221;flex-box&#8221; css=&#8221;.vc_custom_1441196365110{background-color: #f5f5f5 !important;}&#8221;][vc_column width=&#8221;1\/2&#8243; css=&#8221;.vc_custom_1441196358309{background-image: url(http:\/\/quanticalabs.com\/wptest\/carservice\/files\/2015\/05\/image_01.jpg?id=917) !important;}&#8221;][vc_single_image image=&#8221;917&#8243; img_size=&#8221;large-thumb&#8221; el_class=&#8221;flex-hide&#8221;][\/vc_column][vc_column width=&#8221;1\/2&#8243; el_class=&#8221;padding-left-right-100 padding-bottom-66&#8243;][vc_column_text<\/p>\n","protected":false},"author":1,"featured_media":0,"parent":0,"menu_order":0,"comment_status":"open","ping_status":"open","template":"template-default-without-breadcrumbs.php","meta":{"om_disable_all_campaigns":false,"_monsterinsights_skip_tracking":false,"_monsterinsights_sitenote_active":false,"_monsterinsights_sitenote_note":"","_monsterinsights_sitenote_category":0,"footnotes":""},"class_list":["post-1124","page","type-page","status-publish","hentry"],"aioseo_notices":[],"_links":{"self":[{"href":"https:\/\/autofficinacuzzilla.com\/index.php\/wp-json\/wp\/v2\/pages\/1124","targetHints":{"allow":["GET"]}}],"collection":[{"href":"https:\/\/autofficinacuzzilla.com\/index.php\/wp-json\/wp\/v2\/pages"}],"about":[{"href":"https:\/\/autofficinacuzzilla.com\/index.php\/wp-json\/wp\/v2\/types\/page"}],"author":[{"embeddable":true,"href":"https:\/\/autofficinacuzzilla.com\/index.php\/wp-json\/wp\/v2\/users\/1"}],"replies":[{"embeddable":true,"href":"https:\/\/autofficinacuzzilla.com\/index.php\/wp-json\/wp\/v2\/comments?post=1124"}],"version-history":[{"count":35,"href":"https:\/\/autofficinacuzzilla.com\/index.php\/wp-json\/wp\/v2\/pages\/1124\/revisions"}],"predecessor-version":[{"id":1719,"href":"https:\/\/autofficinacuzzilla.com\/index.php\/wp-json\/wp\/v2\/pages\/1124\/revisions\/1719"}],"wp:attachment":[{"href":"https:\/\/autofficinacuzzilla.com\/index.php\/wp-json\/wp\/v2\/media?parent=1124"}],"curies":[{"name":"wp","href":"https:\/\/api.w.org\/{rel}","templated":true}]}}